culate the highest common divisor of 682983 and 202538.
259
What is the highest common factor of 149490660 and 5841?
1947
Calculate the greatest common divisor of 98826 and 57330.
546
What is the greatest common factor of 1109990 and 205670?
1570
Calculate the highest common divisor of 185 and 16041017.
37
What is the highest common factor of 32746563 and 279?
9
Calculate the greatest common divisor of 819 and 11080797.
273
What is the highest common divisor of 2635 and 12571415?
85
What is the highest common divisor of 532 and 533463532?
532
Calculate the highest common divisor of 22152595 and 35315.
5045
What is the highest common divisor of 563736 and 20659?
283
Calculate the highest common divisor of 2334 and 448519334.
778
Calculate the greatest common divisor of 294631 and 888.
37
What is the highest common divisor of 15733143 and 5436?
1359
What is the highest common divisor of 11961548 and 2?
2
What is the greatest common divisor of 76386 and 49242?
174
Calculate the highest common factor of 7009 and 45938453.
163
What is the highest common factor of 766 and 60245134?
766
What is the greatest common divisor of 10512 and 420624?
144
Calculate the highest common divisor of 55494 and 262494.
18
Calculate the highest common factor of 76 and 404894066.
38
What is the highest common factor of 21888 and 149511?
57
Calculate the greatest common factor of 29 and 29626748.
29
Calculate the highest common divisor of 66 and 2544762.
66
What is the greatest common factor of 500030 and 74090?
310
What is the highest common factor of 47334592 and 48?
16
What is the highest common divisor of 115168189 and 47?
47
What is the greatest common factor of 2561 and 436946?
197
What is the highest common factor of 1375 and 1701722?
11
What is the greatest common factor of 1841 and 7273265?
263
Calculate the highest common factor of 5785 and 14845.
5
What is the greatest common factor of 25762253 and 33?
11
Calculate the highest common divisor of 2630010 and 4350.
870
What is the highest common factor of 123016236 and 9430?
1886
What is the highest common divisor of 4128 and 2028912?
2064
What is the greatest common factor of 458622 and 129630?
894
What is the highest common factor of 305518 and 217461?
173
What is the greatest common factor of 998088 and 1848?
168
What is the greatest common divisor of 126137663 and 2228?
557
What is the highest common factor of 7912 and 2430962?
1978
Calculate the highest common divisor of 1702 and 8632988.
74
Calculate the highest common factor of 48708744 and 29463.
1281
Calculate the highest common divisor of 75486774 and 1991.
1991
What is the greatest common divisor of 39733008 and 35?
7
Calculate the highest common divisor of 356020671 and 246.
123
Calculate the greatest common factor of 416959956 and 4086.
4086
Calculate the greatest common divisor of 260 and 26775645.
65
Calculate the highest common factor of 5079077 and 199.
199
What is the highest common divisor of 3925410 and 77970?
690
Calculate the greatest common divisor of 66560 and 1113580.
260
Calculate the greatest common factor of 1923375958 and 1036.
518
Calculate the highest common factor of 18 and 85777821.
9
What is the highest common factor of 12360 and 3540060?
60
What is the highest common factor of 6822432 and 288?
288
What is the highest common divisor of 320 and 70181760?
320
What is the greatest common divisor of 1050621 and 2821?
403
Calculate the highest common factor of 2779718 and 13448.
82
What is the greatest common factor of 17568 and 692316?
36
What is the highest common factor of 43894 and 412233?
17
What is the greatest common divisor of 95312940 and 516?
516
What is the highest common divisor of 134688 and 11507040?
5856
Calculate the greatest common factor of 121 and 77291632.
11
What is the greatest common divisor of 890710 and 20?
10
What is the highest common divisor of 36 and 26872254?
18
Calculate the greatest common divisor of 320791575 and 29575.
4225
Calculate the highest common divisor of 453325 and 59275.
25
Calculate the greatest common factor of 15 and 19757300.
5
What is the greatest common divisor of 3 and 80934387?
3
Calculate the greatest common divisor of 649 and 148676.
11
Calculate the greatest common factor of 1479012 and 8319.
177
Calculate the greatest common factor of 120456 and 36708.
84
What is the highest common divisor of 12062 and 1575232?
326
What is the highest common divisor of 3465 and 534376920?
1155
Calculate the highest common divisor of 1143 and 1103496777.
1143
Calculate the highest common factor of 42104 and 98002.
38
What is the highest common divisor of 1973340 and 47880?
3420
Calculate the greatest common factor of 146952 and 3198.
78
What is the highest common divisor of 223 and 8?
1
What is the greatest common divisor of 54130640 and 24?
8
What is the highest common factor of 1793476 and 42688?
116
Calculate the greatest common factor of 102655185 and 5535.
615
What is the greatest common factor of 98515 and 277185?
85
What is the highest common divisor of 405153 and 5102181?
6867
Calculate the highest common divisor of 2006 and 55477582.
118
Calculate the highest common factor of 24 and 7746972.
12
What is the greatest common factor of 528 and 6335232?
48
Calculate the highest common divisor of 223576211 and 19.
19
Calculate the greatest common factor of 650451 and 1719345.
4143
Calculate the greatest common factor of 30078373 and 1924.
481
Calculate the highest common factor of 18740 and 8440.
20
Calculate the highest common factor of 19856 and 44438.
34
What is the highest common factor of 60797 and 2893?
11
Calculate the greatest common divisor of 105896 and 72632.
56
Calculate the greatest common factor of 2104950 and 270.
30
What is the greatest common divisor of 5170169 and 31084?
409
Calculate the greatest common factor of 41148995 and 12179.
641
Calculate the greatest common factor of 508421 and 323.
19
Calculate the greatest common divisor of 2840632 and 748.
68
Calculate the highest common factor of 38499 and 671949.
123
What is the highest common divisor of 121760 and 13440?
160
Calculate the highest common factor of 183860 and 43380.
20
What is the greatest common divisor of 1632646 and 24242?
1054
What is the highest common divisor of 150876 and 2607660?
1188
What is the highest common factor of 80 and 1002189640?
40
Calculate the greatest common divisor of 356224050 and 630.
630
Calculate the greatest common divisor of 1500 and 2015060.
20
What is the greatest common divisor of 18915 and 43485?
195
What is the greatest common factor of 4576 and 28337056?
352
What is the greatest common factor of 767 and 208091?
13
What is the greatest common divisor of 16 and 46345448?
8
What is the greatest common factor of 30306 and 946799848?
10102
What is the greatest common divisor of 10851630 and 575?
115
What is the greatest common divisor of 480 and 259600980?
60
Calculate the highest common divisor of 126474 and 5057778.
1182
What is the greatest common factor of 62808 and 8594228?
10468
Calculate the greatest common factor of 2228 and 1908560500.
2228
What is the greatest common factor of 156 and 184332?
12
What is the highest common divisor of 2150 and 413060150?
2150
Calculate the greatest common factor of 243848 and 196641896.
14344
What is the greatest common divisor of 4195692 and 47700?
1908
What is the highest common divisor of 1070 and 48841755?
535
What is the greatest common divisor of 2132627 and 287?
7
What is the greatest common factor of 1977291 and 515?
103
Calculate the greatest common factor of 300 and 5551320.
60
Calculate the highest common divisor of 5490 and 31846758.
366
Calculate the highest common factor of 2678515 and 806078.
721
Calculate the greatest common factor of 5300495 and 314530.
2215
Calculate the highest common factor of 183676130 and 88.
22
What is the greatest common factor of 4855 and 8215631?
971
What is the greatest common divisor of 95391927 and 99?
9
Calculate the greatest common divisor of 2525 and 408445.
5
Calculate the highest common factor of 4756 and 48112024.
164
Calculate the greatest common divisor of 173292760 and 6580.
940
Calculate the highest common divisor of 12526 and 9806.
2
Calculate the highest common factor of 4191030